
Let y = -4 + 16. What is the greatest common factor of y and 60?
12
Let j(s) = -s**3 - s**2 - 2*s + 7. Let p be j(-4). Calculate the highest common factor of 7 and p.
7
Suppose 0 = 5*c + 5*l - 60 - 115, l = -2*c + 75. Calculate the greatest common divisor of c and 60.
20
Let b(d) = 2*d**2 - d + 28. Let u be b(0). Calculate the greatest common divisor of u and 42.
14
Suppose 2*y = -3*t + 26, -5*y - 28 + 68 = -5*t. Let h be (-321)/(-4) - (-19)/(-76). What is the highest common divisor of y and h?
10
Suppose 7*y = 3*y + 8. Suppose -y + 0 = -2*a. What is the greatest common factor of 1 and a?
1
Let k = -21 + 37. Let a = 328 - 184. What is the highest common divisor of k and a?
16
Let u be 14/(1 - (-1 - 0)). What is the greatest common divisor of 63 and u?
7
Suppose 5*c - 12 = c. Suppose -c*o = o - 160. What is the highest common factor of o and 8?
8
Suppose -2*h + 71 = 5*q, -h - 2*h + 90 = 2*q. Let n(s) = s**3 + 11*s**2 - 4*s - 2. Let r be n(-9). Calculate the highest common factor of h and r.
28
Suppose 3*v - 5*u = 68, -2*v + 9 = 5*u - 28. Let g = -3 + -3. Let a be ((-2)/g)/(3/63). Calculate the highest common factor of v and a.
7
Let l(o) = -o**3 - 4*o**2 + 4*o - 3. Let f be l(-5). Let s = f - 1. Let w be s/(2 + 38/(-20)). Calculate the highest common factor of 25 and w.
5
Let q be 2/(2/6 + -1). Let s be 24*(q - (-7)/2). Calculate the greatest common factor of 48 and s.
12
Suppose -24 = -5*f + 16. Calculate the greatest common factor of f and 24.
8
Let y be (2/6)/(6/2178). What is the highest common divisor of 11 and y?
11
Suppose -2*l = -4*l + 4. Suppose m = -3*m - 4*h + 52, -l*h = -4*m + 58. Let c = -3 - -5. What is the greatest common factor of c and m?
2
Let b(h) = 3*h**3 - h**2 + 2*h. Let d be b(2). Suppose -11 = -v - r - 0*r, 4*v - 35 = -r. Calculate the greatest common factor of v and d.
8
Let w = -5 + 5. Suppose 2*a - 3*i = 32, 3*a + 0*a - 3*i - 42 = w. What is the greatest common factor of 10 and a?
10
Suppose 3*m - 97 - 98 = 0. Suppose -2*d + q + 2 = 0, 20 = -d + 6*d + 5*q. Suppose d*v = 13 + 13. Calculate the greatest common divisor of v and m.
13
Let c = 23 - 14. Suppose -2*z = -z + o - 6, 0 = z - 4*o - 21. Calculate the greatest common factor of c and z.
9
Suppose -b - 3*b + 20 = 2*h, -4*b + 24 = 3*h. Suppose -y - b = -j + 2*j, -3*j = 15. What is the greatest common divisor of y and 22?
2
Let u = 27 + -12. Let r = -10 + u. Suppose r = z - 59. Calculate the highest common factor of z and 8.
8
Let u(d) be the third derivative of -d**5/60 - 5*d**4/24 - d**3/3 + 2*d**2. Let v be u(-4). What is the greatest common factor of 8 and v?
2
Let t(d) = -d**3 - 5*d**2 + 6*d + 14. Let s be t(-7). What is the highest common divisor of s and 175?
35
Let r be (2/4)/(2/12). Suppose 4*b = 5*c + 35, -r*b - 3*c + 12 = -21. Let g = b - -11. Calculate the greatest common divisor of 7 and g.
7
Let p be 14/6 + -2 + (-120)/(-18). Calculate the highest common factor of 161 and p.
7
Let g be (-15)/2 - (-3)/6. Let t = 3 - g. Let c be 5/1*6/t. What is the greatest common divisor of c and 3?
3
Let d(z) = 3*z - 9. Let r be d(6). Let t be 6*(r/6)/3. Suppose 12 - t = i. Calculate the greatest common factor of 9 and i.
9
Let d(q) = -q**3 - q**2 - q - 3. Let u be d(-3). Suppose -252 = -2*t + j, -t + 126 = 3*j - 8*j. What is the greatest common factor of t and u?
18
Let i = 226 + -189. Calculate the highest common factor of 37 and i.
37
Let j(c) = 14*c - 2. Let q be j(4). Let k = 10 + -1. Suppose -2*f = d, k = d - 0*d - f. Calculate the greatest common divisor of d and q.
6
Let l be 1/((-1)/(-12)*2). Suppose -5*k + 73 + 129 = -4*v, -2*k + 5*v + 91 = 0. Let w = k + l. What is the highest common factor of 11 and w?
11
Let l(q) = -q**2 + 6*q + 2. Let p be l(5). Suppose p*c - 8 = 4*c + 4*z, 5*c - 5*z - 15 = 0. What is the highest common divisor of c and 32?
4
Let f(n) = 9*n**2 + n. Let y be f(-4). What is the highest common factor of 14 and y?
14
Let q = 91 - 53. What is the greatest common factor of q and 114?
38
Let z be 0 - (-504)/(0 - -3). What is the greatest common divisor of z and 21?
21
Suppose 4*z = -5*a + 1080, -5*z - 3*a + 1350 = a. What is the highest common factor of 30 and z?
30
Suppose o = -o - 2. Let z be (o/3)/((-4)/72). Calculate the highest common divisor of 6 and z.
6
Let q(d) = -6*d - 10. Let t = 14 + -21. Let y be q(t). What is the greatest common factor of 4 and y?
4
Let y(j) = 2*j + 1. Let o be y(1). Let d be (2/(-5))/(o/(-15)). Calculate the highest common divisor of 3 and d.
1
Let w = -568 + 292. Let k be w/(-9) - 2/3. What is the greatest common factor of 6 and k?
6
Suppose -4*h = y - 2*y + 56, 4*h + 200 = 5*y. What is the highest common factor of y and 9?
9
Let j be ((-30)/3)/(2/(-4)). Suppose j = -5*v, 4*a + v + 0*v - 84 = 0. Calculate the greatest common divisor of 2 and a.
2
Suppose 2*r - r + 4 = j, -4*r - 19 = -j. Let w(a) = 0*a**2 + 0*a**2 - 1 - 8*a**3. Let q be w(j). Calculate the highest common factor of q and 14.
7
Let w = 119 + -85. Suppose -4*i = -3*t + 90 - w, -4*t = -4*i - 72. What is the greatest common factor of t and 16?
16
Let c(f) = 2*f**2 + 7*f + 1. Let x be c(-4). Suppose x*i - 33 = 27. What is the greatest common divisor of 3 and i?
3
Let y = 48 + -28. Let p = 4 + 0. Calculate the highest common factor of p and y.
4
Suppose -3*o + 2*o + 20 = 0. Let z be (-4)/(-10) + (-32)/(-20). Suppose -2*t - z*n = -0*t + 2, 4*t - 4*n = 36. What is the highest common factor of t and o?
4
Let z be (-2 + 20)/(6/9). Calculate the greatest common divisor of 6 and z.
3
Let z(i) = i**3 - 3*i + 3. Let d be z(2). Let p(o) = 4*o - 7. Let f be p(8). Suppose -5*j - d = -f. Calculate the greatest common factor of j and 12.
4
Let p(a) = a**2 + 10*a - 6. Let m be p(-12). Let g = -9 + 11. Calculate the greatest common divisor of m and g.
2
Let j(n) = -n**3 - 2*n**2 - 9*n - 2. Let o be j(-4). Calculate the highest common divisor of 6 and o.
6
Let y(d) = d + 15. Let k be y(-8). Calculate the greatest common factor of 91 and k.
7
Let h = -26 + 51. What is the greatest common divisor of h and 5?
5
Suppose 5*t - t - 200 = 0. Let p be 4*(t/(-4))/(-5). Calculate the greatest common divisor of p and 10.
10
Suppose -2*i - 3*c = -0*c - 120, 5*i = 3*c + 300. What is the highest common factor of i and 24?
12
Let a(y) be the second derivative of y**4/6 - 11*y**3/6 - 9*y**2/2 - 2*y. Let l be a(7). What is the highest common divisor of 96 and l?
12
Let m(j) = 21*j**2 - j. Let w be m(1). Suppose 0*r - 3*r = -3*v + 63, -5 = 5*r. What is the greatest common factor of w and v?
20
Suppose -3*l = 2*l - 95. Let n = -7 + l. Let w(c) = -6*c + 6. Let h be w(-4). Calculate the greatest common factor of n and h.
6
Let a = 95 + 55. What is the greatest common factor of 60 and a?
30
Suppose -2 - 2 = -a. Let z = a + -1. Suppose 0 = 2*n - k - 3*k - 4, -z*n - k = -6. What is the highest common divisor of n and 2?
2
Suppose 0*d + 2*p = -3*d - 227, 4*d = 2*p - 284. Let f = 163 + d. Let n = -59 + 69. Calculate the highest common factor of n and f.
10
Let j be -6*(-6)/9 - 2. Calculate the highest common divisor of 22 and j.
2
Let y(r) = r. Let l(v) = -2*v**3 - 4*v**2 - 4*v - 3. Let n be l(-2). Let j be y(n). Calculate the highest common factor of j and 55.
5
Suppose p - 3*p = 0. Suppose -2*z + p = -2. What is the greatest common factor of z and 11?
1
Let j(m) = -2*m - m**3 + 5 - 4 + m + 5*m. Let i be j(-3). What is the highest common factor of i and 32?
16
Let y = 127 - 199. Let r = 0 - y. What is the highest common factor of 9 and r?
9
Suppose -z = -2*i + 52, 3*z = -2*i + 2*z + 44. Suppose -3 = 2*o + 3, 2*g - 5*o = 23. Suppose -35 = -g*u + 109. What is the greatest common factor of u and i?
12
Suppose 2 = 3*l - 16. Suppose 0 = -x + 1, -x - 4 = 2*b + 9. Let j = b + 16. What is the greatest common factor of l and j?
3
Let m = -4 + 7. Let y be (-3)/(2 - (0 - -3)). What is the greatest common divisor of y and m?
3
Suppose 2*z - 3*h = 17, 33 = 3*z - 0*h - 3*h. What is the greatest common divisor of z and 48?
16
Let a(i) = -5*i - 1. Let w be a(-5). What is the highest common factor of w and 120?
24
Suppose 0 = 5*c - 62 - 28. Calculate the highest common divisor of 162 and c.
18
Let q be (7/2)/(28/56). Let k(f) = -f**3 - 8*f**2 - 8*f - 6. Let c be k(-7). What is the highest common divisor of